{"id":2,"date":"2025-10-24T21:15:11","date_gmt":"2025-10-24T21:15:11","guid":{"rendered":"https:\/\/erickevinhurtadorobledo.com\/?page_id=2"},"modified":"2025-11-17T22:51:49","modified_gmt":"2025-11-17T22:51:49","slug":"eric-kevin-hurtado-robledo","status":"publish","type":"page","link":"https:\/\/erickevinhurtadorobledo.com\/","title":{"rendered":"Eric Kevin Hurtado Robledo"},"content":{"rendered":"\n<h2 class=\"wp-block-heading\">Who is Eric Kevin Hurtado Robledo? <\/h2>\n\n\n\n<p><strong>Eric Kevin Hurtado Robledo <\/strong>is an American citizen living in Mexico. Businessman and entrepeneur who lived in Puerto Vallarta and moved to Colima. He was convicted for child abuse in 1988 by a court in El Dorado, California, and spent 6 years in prision. <\/p>\n\n\n\n<p><strong>Erick Kevin Hurtado<\/strong> Robledo is <a href=\"https:\/\/mx.linkedin.com\/in\/ryanedonner\">Ryan Donner&#8217;s<\/a> ex husband. He moved to Mexico in 2011 and married him, also an american citizen, owner and CEO of <a href=\"https:\/\/ryandonner.com.mx\/\">Ryan Donner and Associates<\/a>, a Real Estate firm specialized in selling properties in Mexico to american citizens.<\/p>\n\n\n\n<h2 class=\"wp-block-heading\">\u00bfQui\u00e9n es Eric Kevin Hurtado Robledo?<\/h2>\n\n\n\n<p><strong>Eric Kevin Hurtado Robledo<\/strong> es un ciudadano estadounidense que vive en M\u00e9xico. Empresario y emprendedor que vivi\u00f3 en Puerto Vallarta y se mud\u00f3 a Colima. Fue condenado por abuso infantil en 1988 por una corte de El Dorado, California y pas\u00f3 6 a\u00f1os en prisi\u00f3n.<\/p>\n\n\n\n<p><strong>Erick Kevin Hurtado Robledo <\/strong>es ex esposo de <strong>Ryan Earl Donner<\/strong>, tambi\u00e9n ciudadano norteamericano, director y due\u00f1o de<a href=\"https:\/\/ryandonner.com.mx\/\"> Ryan Donner and Associates<\/a>, una empresa inmobiliaria especializada en vender propiedades en M\u00e9xico a ciudadanos estadounidenses. <\/p>\n\n\n\n<h2 class=\"wp-block-heading\">Press \/ Prensa<\/h2>\n\n\n\n<p><a href=\"https:\/\/vallartauno.com\/index.php\/columnas\/item\/11430-un-pedofilo-en-puerto-vallarta-kevin-hurtado-acusado-en-estados-unidos-por-abusar-de-11-menores\">Un p*d*filo en Puerto Vallarta; Kevin Hurtado, acusado en Estados Unidos por abusar de 11 menores <\/a> (A p*d*phile in Puerto Vallarta; Kevin Hurtado was accused in the US for abusing 11 children).<\/p>\n\n\n\n<p><a href=\"https:\/\/noticiasdelpacifico.com\/el-oscuro-pasado-del-ex-esposo-de-ryan-donner\/\">El oscuro pasado del esposo de Ryan Earl Donner<\/a> (the dark past of Ryan Earl Donner&#8217;s former husband)<\/p>\n\n\n\n<p><a href=\"https:\/\/rightondailyblog.com\/2014\/01\/el-dorado-confidential-what-connection-does-psycho-da-vern-pierson-have-to-a-confirmed-sex-offender-content-warning\/comment-page-1\/\">El Dorado Confidential: What Connection does Psycho DA Vern Pierson Have to a Confirmed Sex Offender?&nbsp;<\/a>(El Confidencial de Dorado: \u00bfQu\u00e9 conexiones tiene el psic\u00f3pata DA Vern Pierson tiene con un agresor sexual confirmado? <\/p>\n\n\n\n<p><a href=\"https:\/\/www.tahoedailytribune.com\/news\/convicted-child-molester-paroled\/\">Convicted child molester paroled<\/a>(abusador de menores convicto obtiene libertad bajo fianza) <\/p>\n","protected":false},"excerpt":{"rendered":"<p>Who is Eric Kevin Hurtado Robledo? Eric Kevin Hurtado Robledo is an American citizen living in Mexico. Businessman and entrepeneur who lived in Puerto Vallarta and moved to Colima. He was convicted for child abuse in 1988 by a court in El Dorado, California, and spent 6 years in prision. Erick Kevin Hurtado Robledo is [&hellip;]<\/p>\n","protected":false},"author":1,"featured_media":12,"parent":0,"menu_order":0,"comment_status":"closed","ping_status":"closed","template":"","meta":{"footnotes":""},"class_list":["post-2","page","type-page","status-publish","has-post-thumbnail","hentry"],"yoast_head":"<!-- This site is optimized with the Yoast SEO plugin v26.3 - https:\/\/yoast.com\/wordpress\/plugins\/seo\/ -->\n<title>Eric Kevin Hurtado Robledo - empresario e inversionista<\/title>\n<meta name=\"description\" content=\"Eric Kevin Hurtado Robledo es un empresario e inversionista norteamericano que radica en M\u00e9xico, actualmente en el estado de Colima\" \/>\n<meta name=\"robots\" content=\"index, follow, max-snippet:-1, max-image-preview:large, max-video-preview:-1\" \/>\n<link rel=\"canonical\" href=\"https:\/\/erickevinhurtadorobledo.com\/\" \/>\n<meta property=\"og:locale\" content=\"es_ES\" \/>\n<meta property=\"og:type\" content=\"article\" \/>\n<meta property=\"og:title\" content=\"Eric Kevin Hurtado Robledo - empresario e inversionista\" \/>\n<meta property=\"og:description\" content=\"Eric Kevin Hurtado Robledo es un empresario e inversionista norteamericano que radica en M\u00e9xico, actualmente en el estado de Colima\" \/>\n<meta property=\"og:url\" content=\"https:\/\/erickevinhurtadorobledo.com\/\" \/>\n<meta property=\"og:site_name\" content=\"Eric Hurtado\" \/>\n<meta property=\"article:modified_time\" content=\"2025-11-17T22:51:49+00:00\" \/>\n<meta property=\"og:image\" content=\"https:\/\/erickevinhurtadorobledo.com\/wp-content\/uploads\/2025\/11\/eric.jpg\" \/>\n\t<meta property=\"og:image:width\" content=\"488\" \/>\n\t<meta property=\"og:image:height\" content=\"288\" \/>\n\t<meta property=\"og:image:type\" content=\"image\/jpeg\" \/>\n<meta name=\"twitter:card\" content=\"summary_large_image\" \/>\n<meta name=\"twitter:label1\" content=\"Tiempo de lectura\" \/>\n\t<meta name=\"twitter:data1\" content=\"2 minutos\" \/>\n<script type=\"application\/ld+json\" class=\"yoast-schema-graph\">{\"@context\":\"https:\/\/schema.org\",\"@graph\":[{\"@type\":\"WebPage\",\"@id\":\"https:\/\/erickevinhurtadorobledo.com\/\",\"url\":\"https:\/\/erickevinhurtadorobledo.com\/\",\"name\":\"Eric Kevin Hurtado Robledo - empresario e inversionista\",\"isPartOf\":{\"@id\":\"https:\/\/erickevinhurtadorobledo.com\/#website\"},\"primaryImageOfPage\":{\"@id\":\"https:\/\/erickevinhurtadorobledo.com\/#primaryimage\"},\"image\":{\"@id\":\"https:\/\/erickevinhurtadorobledo.com\/#primaryimage\"},\"thumbnailUrl\":\"https:\/\/erickevinhurtadorobledo.com\/wp-content\/uploads\/2025\/11\/eric.jpg\",\"datePublished\":\"2025-10-24T21:15:11+00:00\",\"dateModified\":\"2025-11-17T22:51:49+00:00\",\"description\":\"Eric Kevin Hurtado Robledo es un empresario e inversionista norteamericano que radica en M\u00e9xico, actualmente en el estado de Colima\",\"breadcrumb\":{\"@id\":\"https:\/\/erickevinhurtadorobledo.com\/#breadcrumb\"},\"inLanguage\":\"es\",\"potentialAction\":[{\"@type\":\"ReadAction\",\"target\":[\"https:\/\/erickevinhurtadorobledo.com\/\"]}]},{\"@type\":\"ImageObject\",\"inLanguage\":\"es\",\"@id\":\"https:\/\/erickevinhurtadorobledo.com\/#primaryimage\",\"url\":\"https:\/\/erickevinhurtadorobledo.com\/wp-content\/uploads\/2025\/11\/eric.jpg\",\"contentUrl\":\"https:\/\/erickevinhurtadorobledo.com\/wp-content\/uploads\/2025\/11\/eric.jpg\",\"width\":488,\"height\":288,\"caption\":\"eric kevin hurtado robledo\"},{\"@type\":\"BreadcrumbList\",\"@id\":\"https:\/\/erickevinhurtadorobledo.com\/#breadcrumb\",\"itemListElement\":[{\"@type\":\"ListItem\",\"position\":1,\"name\":\"Portada\",\"item\":\"https:\/\/erickevinhurtadorobledo.com\/\"},{\"@type\":\"ListItem\",\"position\":2,\"name\":\"Eric Kevin Hurtado Robledo\"}]},{\"@type\":\"WebSite\",\"@id\":\"https:\/\/erickevinhurtadorobledo.com\/#website\",\"url\":\"https:\/\/erickevinhurtadorobledo.com\/\",\"name\":\"Eric Kevin Hurtado Robledo\",\"description\":\"\",\"potentialAction\":[{\"@type\":\"SearchAction\",\"target\":{\"@type\":\"EntryPoint\",\"urlTemplate\":\"https:\/\/erickevinhurtadorobledo.com\/?s={search_term_string}\"},\"query-input\":{\"@type\":\"PropertyValueSpecification\",\"valueRequired\":true,\"valueName\":\"search_term_string\"}}],\"inLanguage\":\"es\"}]}<\/script>\n<!-- \/ Yoast SEO plugin. -->","yoast_head_json":{"title":"Eric Kevin Hurtado Robledo - empresario e inversionista","description":"Eric Kevin Hurtado Robledo es un empresario e inversionista norteamericano que radica en M\u00e9xico, actualmente en el estado de Colima","robots":{"index":"index","follow":"follow","max-snippet":"max-snippet:-1","max-image-preview":"max-image-preview:large","max-video-preview":"max-video-preview:-1"},"canonical":"https:\/\/erickevinhurtadorobledo.com\/","og_locale":"es_ES","og_type":"article","og_title":"Eric Kevin Hurtado Robledo - empresario e inversionista","og_description":"Eric Kevin Hurtado Robledo es un empresario e inversionista norteamericano que radica en M\u00e9xico, actualmente en el estado de Colima","og_url":"https:\/\/erickevinhurtadorobledo.com\/","og_site_name":"Eric Hurtado","article_modified_time":"2025-11-17T22:51:49+00:00","og_image":[{"width":488,"height":288,"url":"https:\/\/erickevinhurtadorobledo.com\/wp-content\/uploads\/2025\/11\/eric.jpg","type":"image\/jpeg"}],"twitter_card":"summary_large_image","twitter_misc":{"Tiempo de lectura":"2 minutos"},"schema":{"@context":"https:\/\/schema.org","@graph":[{"@type":"WebPage","@id":"https:\/\/erickevinhurtadorobledo.com\/","url":"https:\/\/erickevinhurtadorobledo.com\/","name":"Eric Kevin Hurtado Robledo - empresario e inversionista","isPartOf":{"@id":"https:\/\/erickevinhurtadorobledo.com\/#website"},"primaryImageOfPage":{"@id":"https:\/\/erickevinhurtadorobledo.com\/#primaryimage"},"image":{"@id":"https:\/\/erickevinhurtadorobledo.com\/#primaryimage"},"thumbnailUrl":"https:\/\/erickevinhurtadorobledo.com\/wp-content\/uploads\/2025\/11\/eric.jpg","datePublished":"2025-10-24T21:15:11+00:00","dateModified":"2025-11-17T22:51:49+00:00","description":"Eric Kevin Hurtado Robledo es un empresario e inversionista norteamericano que radica en M\u00e9xico, actualmente en el estado de Colima","breadcrumb":{"@id":"https:\/\/erickevinhurtadorobledo.com\/#breadcrumb"},"inLanguage":"es","potentialAction":[{"@type":"ReadAction","target":["https:\/\/erickevinhurtadorobledo.com\/"]}]},{"@type":"ImageObject","inLanguage":"es","@id":"https:\/\/erickevinhurtadorobledo.com\/#primaryimage","url":"https:\/\/erickevinhurtadorobledo.com\/wp-content\/uploads\/2025\/11\/eric.jpg","contentUrl":"https:\/\/erickevinhurtadorobledo.com\/wp-content\/uploads\/2025\/11\/eric.jpg","width":488,"height":288,"caption":"eric kevin hurtado robledo"},{"@type":"BreadcrumbList","@id":"https:\/\/erickevinhurtadorobledo.com\/#breadcrumb","itemListElement":[{"@type":"ListItem","position":1,"name":"Portada","item":"https:\/\/erickevinhurtadorobledo.com\/"},{"@type":"ListItem","position":2,"name":"Eric Kevin Hurtado Robledo"}]},{"@type":"WebSite","@id":"https:\/\/erickevinhurtadorobledo.com\/#website","url":"https:\/\/erickevinhurtadorobledo.com\/","name":"Eric Kevin Hurtado Robledo","description":"","potentialAction":[{"@type":"SearchAction","target":{"@type":"EntryPoint","urlTemplate":"https:\/\/erickevinhurtadorobledo.com\/?s={search_term_string}"},"query-input":{"@type":"PropertyValueSpecification","valueRequired":true,"valueName":"search_term_string"}}],"inLanguage":"es"}]}},"_links":{"self":[{"href":"https:\/\/erickevinhurtadorobledo.com\/index.php\/wp-json\/wp\/v2\/pages\/2","targetHints":{"allow":["GET"]}}],"collection":[{"href":"https:\/\/erickevinhurtadorobledo.com\/index.php\/wp-json\/wp\/v2\/pages"}],"about":[{"href":"https:\/\/erickevinhurtadorobledo.com\/index.php\/wp-json\/wp\/v2\/types\/page"}],"author":[{"embeddable":true,"href":"https:\/\/erickevinhurtadorobledo.com\/index.php\/wp-json\/wp\/v2\/users\/1"}],"replies":[{"embeddable":true,"href":"https:\/\/erickevinhurtadorobledo.com\/index.php\/wp-json\/wp\/v2\/comments?post=2"}],"version-history":[{"count":3,"href":"https:\/\/erickevinhurtadorobledo.com\/index.php\/wp-json\/wp\/v2\/pages\/2\/revisions"}],"predecessor-version":[{"id":14,"href":"https:\/\/erickevinhurtadorobledo.com\/index.php\/wp-json\/wp\/v2\/pages\/2\/revisions\/14"}],"wp:featuredmedia":[{"embeddable":true,"href":"https:\/\/erickevinhurtadorobledo.com\/index.php\/wp-json\/wp\/v2\/media\/12"}],"wp:attachment":[{"href":"https:\/\/erickevinhurtadorobledo.com\/index.php\/wp-json\/wp\/v2\/media?parent=2"}],"curies":[{"name":"wp","href":"https:\/\/api.w.org\/{rel}","templated":true}]}}